 prime factors of q(23).
2, 3, 7
Let f = 24 + -7. List the prime factors of f.
17
Let f = -9 - -15. Suppose -2*y + f = -12. List the prime factors of ((-36)/14)/(y/(-42)).
2, 3
Let f(m) be the first derivative of 5*m**2 - 6*m - 5. What are the prime factors of f(4)?
2, 17
Let z be 117/12*(-32)/(-12). Let o = 36 - z. What are the prime factors of o?
2, 5
Let i = 24 + -26. List the prime factors of 1/5*i*-5.
2
Suppose k + 3*k - 2*v = -20, -5*v = 0. Let m(w) = 2*w**2 - w - 2. Let l be m(-2). Let t = l + k. What are the prime factors of t?
3
What are the prime factors of (-348)/21*(0 + -7)?
2, 29
Let a(o) = 9*o - 7. What are the prime factors of a(8)?
5, 13
Let s(i) = 4*i - 7. What are the prime factors of s(10)?
3, 11
Let m(k) = 8*k - 25. What are the prime factors of m(13)?
79
Suppose 2*p - 194 = c, -4*p + 6*c = 5*c - 388. What are the prime factors of p?
97
Let h(y) = 7*y - 1. Let q be h(3). Suppose -4 = 5*o - w - q, 4*o - 3*w = 4. Suppose -4*k + o*r = 0, 0 = 5*k - 4*r + r - 4. List the prime factors of k.
2
Let w = 35 + 209. List the prime factors of w.
2, 61
Let o(k) be the second derivative of -k**5/20 - 2*k**4/3 + 4*k**3/3 + 13*k**2/2 + 10*k. What are the prime factors of o(-9)?
2, 11
Suppose -6*n = -161 - 145. List the prime factors of n.
3, 17
Let j(m) = 2*m**2 - 4*m - 9. List the prime factors of j(7).
61
Let q(y) = -y**3 + 8*y**2 - 6*y + 4. Let k be q(6). Let d = 9 - 6. Suppose -d*o + k = o. List the prime factors of o.
2, 5
Let w be 23/(-3)*15/(-5). Let g = w + 2. What are the prime factors of g?
5
Let p(v) = v**3 + 8*v**2 + 6*v - 2. Let m be p(-7). Suppose -4*u + 0*u = m*a + 10, -5*a + u = -15. What are the prime factors of (20/(-8))/((-1)/a)?
5
Let r be ((-6)/(-6))/(1/3). Suppose 0 = -2*b + r + 47. Suppose -3*y + 2*i + b = -0*y, i + 26 = 3*y. List the prime factors of y.
3
Suppose -4 + 2 = 2*l. Let x(h) = 0*h - 1 - 4*h + 2*h + 4*h**2. List the prime factors of x(l).
5
Suppose 4*d - 645 = -j + 18, 5*j - 493 = -3*d. List the prime factors of d.
2, 83
Let y(u) = 2*u**2 - 3*u - 4. Suppose 0 = 3*k - 3*v - 24, -3*v - 8 - 4 = 0. List the prime factors of y(k).
2
Let j = 27 - 18. Suppose 0 = 8*m - j*m + 37. List the prime factors of m.
37
Let p(m) = 2*m**2 - 3*m. What are the prime factors of p(5)?
5, 7
Suppose 145 - 1795 = -6*f. List the prime factors of f.
5, 11
Let n be (52/5)/((-2)/(-20)). Suppose g + 3*g = n. List the prime factors of g.
2, 13
Suppose -5*h - 4*n = -0*h - 26, 2*h + 2*n - 12 = 0. Let a be 2 + (h - -1) - 0. Suppose 2*v = a + 29. List the prime factors of v.
17
Let b(y) = y - 4. Let j = -10 + 19. Let i be b(j). Suppose i*t - 5*d + 4*d = 73, 5*t - 2*d = 76. List the prime factors of t.
2, 7
Suppose 0 = -3*b - 2*s - 20 + 159, 3*s - 135 = -3*b. List the prime factors of b/4 + 7/(-28).
2, 3
Suppose 0 = -2*x - w + 3, -3*w - 28 = -2*x + w. Suppose 0 = 2*k - 8 - x. List the prime factors of (-4)/k - 34/(-6).
5
Let j = -9 + 16. Let m(b) = -14*b + 8*b - 7 + 9*b. What are the prime factors of m(j)?
2, 7
Let a(c) = -c**3 + 4*c**2 + 6*c - 3. Let s be a(5). Suppose -2*h + 24 = 3*m, s*h - 5*h + 38 = 5*m. What are the prime factors of h?
2, 3
What are the prime factors of ((-8 - -8) + (70 - 1))*1?
3, 23
Let n(g) be the first derivative of g**3/3 - g**2/2 + 43*g - 1. List the prime factors of n(0).
43
Let c = -6 + 8. Suppose 2*y = 4*y + 4*j - 26, 5*j - 15 = y. Suppose t + 16 = -y*s, -c*t + 4*s = 3*s - 23. What are the prime factors of t?
3
Let w(n) = 4*n**2 - 3*n + 11. What are the prime factors of w(3)?
2, 19
Let l(n) = -144*n**3 + 2*n**2 + 3*n + 2. List the prime factors of l(-1).
5, 29
Let t = -384 + 592. Suppose 5*b - 67 = 3*h + t, 2*b - 4*h - 110 = 0. List the prime factors of b.
5, 11
Let h(g) be the third derivative of g**5/60 - g**4/24 - g**3/3 + g**2. List the prime factors of h(3).
2
Let q = 17 - 14. Let b = q - -23. What are the prime factors of b?
2, 13
Let h = 27 - 18. Let u = h + -6. Suppose -8*y + u*y - 27 = -m, 0 = -2*m + 2*y + 30. What are the prime factors of m?
2, 3
Suppose -w - 5*k = 3, -5*w + 4*k + 20 = -23. List the prime factors of w.
7
Let c(u) = 2*u - 2. List the prime factors of c(6).
2, 5
Let k(o) = -11*o - 8. Let l(u) = -u - 1. Let j(h) = k(h) - 6*l(h). List the prime factors of j(-2).
2
Let k = 6 + -4. Suppose 36 = 6*b - k*b. What are the prime factors of b?
3
Let i(h) = -2*h - 3. Let n be i(-4). Suppose -70 = -5*j + n. List the prime factors of j.
3, 5
Suppose 0 = j - g - g - 8, 3*g + 10 = j. Suppose -y + d + 18 = 0, -3*y - 2*d = -j*y + 23. What are the prime factors of y?
13
Let i = 48 - 25. List the prime factors of i.
23
Suppose 148 = 29*c - 25*c. List the prime factors of c.
37
Suppose 0 = -z - 0*z. Suppose -9*n + 6*n + 15 = 0. Let x = z + n. List the prime factors of x.
5
Let f be (12/(-10))/(10/(-25)). Suppose 8 = f*t - 2*t. Let a = -5 + t. What are the prime factors of a?
3
Suppose -2*n = 3*t - 48, -4*t + 9*t - 67 = n. List the prime factors of t.
2, 7
Let a be (-8)/(-6) + 6/9. Let f be 6/a + 0/(-3). Suppose -3*q = -0*x + 2*x + 1, -f*x = 4*q + 3. List the prime factors of q.
3
Let z be 3/(-2)*(-4)/6. Let g(a) = 20*a**2 - 1. Let c be g(z). Suppose c = -4*t + 51. What are the prime factors of t?
2
Let y(m) = 4*m - m**3 + 0*m**2 + m - 3*m**2 + 5. Let v be y(-4). What are the prime factors of (v + -7)*1/(-2)?
3
Let j = -4 + 7. Suppose 3*n - 51 = j. What are the prime factors of n?
2, 3
Suppose -11 = 5*q + 9. Let g = -1 - q. Suppose 0 = -5*c + 7*m - 2*m + 70, -3*c - g*m = -12. List the prime factors of c.
3
Let d(o) = o**3 + 0*o**3 - 7*o**2 - 2 - 5*o + 2*o**2. Let x be d(6). Suppose -3*g = -x*p + 20, 2*p - 12 + 2 = -5*g. List the prime factors of p.
5
Let i(v) = 5 + 6 + v**2 - 2 - 8*v. Suppose -7*s + 5*z = -3*s - 13, 0 = 4*s + 3*z - 37. List the prime factors of i(s).
2
Let m = 80 + -33. Suppose 5*u - 137 + m = 0. What are the prime factors of u?
2, 3
Suppose -19*y + 30 = -14*y. Suppose -66 = 3*k - y*k. List the prime factors of k.
2, 11
Suppose -183 = w + 2*w. Let q = -37 - w. What are the prime factors of q?
2, 3
Let d(p) = 7*p - 6*p + 7 - 2 + 0. Let q be d(-4). List the prime factors of q + (-1 - -2) - -8.
2, 5
Suppose -2*v + 3*z = 5, 2*z = 2*v + 2 + 4. Let l(g) be the third derivative of -g**4/24 - g**3/6 + g**2. List the prime factors of l(v).
3
Suppose 0 = 4*g + 5*s - 1, -4*s - s - 27 = -3*g. What are the prime factors of g?
2
Suppose 7 = -3*k + 16. Suppose 3 = f - k. Let j = f + -3. What are the prime factors of j?
3
Suppose 0*w = -2*w + 164. Let s(d) = -d**2 + 9*d - 6. Let x be s(8). Suppose b - 11 - 19 = -x*p, -b = -5*p + w. List the prime factors of p.
2
Suppose 4*b + 1 - 17 = 0. Suppose h = -b*h + 50. Suppose 0*m - h = -m. List the prime factors of m.
2, 5
Suppose -5 = 2*x - h, -2 = -h - 1. Let s be 12 + -1 + (x - -3). Let y = s - 7. List the prime factors of y.
5
Let h be (12/9 + -1)*18. List the prime factors of (-31)/(-2) - h/12.
3, 5
Let h = -5 - -6. What are the prime factors of -2 + 26 + h + -3?
2, 11
Let q(v) = v**3 - 4*v**2 - v - 2. Let i(m) = 3*m**3 - 13*m**2 - 2*m - 6. Let b(w) = 3*i(w) - 8*q(w). Let u be b(7). Let z = u + -5. List the prime factors of z.
7
Suppose -5*c - k = -21, 17 = 4*c + 2*k - k. Suppose c*s - 8 = 2*b, 2*s = -0*s - 3*b + 12. What are the prime factors of s?
3
List the prime factors of (-2)/(-9) - 1750/(-63).
2, 7
Suppose 3*b = -b + 12. List the prime factors of b + 1 - 3 - -1.
2
Suppose -5*r + 76 = 2*q + q, 5*q = -3*r + 116. List the prime factors of q.
2, 11
Suppose 4*m + 0*m - 5*y - 53 = 0, y = -4*m + 23. Let b = 23 - m. What are the prime factors of b?
2
Suppose -7*c = -10*c + 9. Suppose 225 = 2*j + c*j. What are the prime factors of j?
3, 5
Suppose -2*f + 20 = -4*q, 0 = 5*f - 8*f + 5*q + 35. Let a = f + -13. What are the prime factors of a?
7
Let r be (-1)/3 + (-20)/(-6). Suppose q - 3 = r. Suppose q*m = 2*m + 20. List the prime factors of m.
5
Let j = -7 + 3. Let v be ((-7)/4 + -2)*j. Suppose -v = 3*s, -2*o + 3*s = 4*s - 1. List the prime factors of o.
3
Let w(i) be the first derivative of -i**3/3 - 4*i**2 + 1. Let y be w(-8). Suppose -4*j + y*j + 56 = 0. List the prime factors of j.
2, 7
Suppose -4*x = 2*j - 10, -3*x + 1 = -j + x. List the prime factors of j.
3
Let m(y) = -y**3 - 4*y**2 - 3*y - 4. Let u be m(-4). Let o = u + 5. What are the prime factors o